{"id":1654,"date":"2020-12-31T00:51:57","date_gmt":"2020-12-31T00:51:57","guid":{"rendered":"https:\/\/bebebadu.mx\/?post_type=product&#038;p=1654"},"modified":"2020-12-31T00:51:57","modified_gmt":"2020-12-31T00:51:57","slug":"vestido-de-nina-con-torera","status":"publish","type":"product","link":"https:\/\/bebebadu.mx\/index.php\/producto\/vestido-de-nina-con-torera\/","title":{"rendered":"Vestido de Ni\u00f1a con Torera"},"content":{"rendered":"","protected":false},"excerpt":{"rendered":"<p>Vestido para ni\u00f1a 100% poli\u00e9ster, nuestros vestidos cuentan con un forro de Tefeta, y detalles o terminados de tul y encaje.<\/p>\n<p>Torera de manga larga en color Beige, Colores a elegir: Rosa, Morado\/Rosa, Salm\u00f3n, Rojo puntos<\/p>\n<p>Talla a elegir: 3, 6, 9 y 12 Meses<\/p>\n","protected":false},"featured_media":1634,"comment_status":"open","ping_status":"closed","template":"","meta":{"spay_email":""},"_links":{"self":[{"href":"https:\/\/bebebadu.mx\/index.php\/wp-json\/wp\/v2\/product\/1654"}],"collection":[{"href":"https:\/\/bebebadu.mx\/index.php\/wp-json\/wp\/v2\/product"}],"about":[{"href":"https:\/\/bebebadu.mx\/index.php\/wp-json\/wp\/v2\/types\/product"}],"replies":[{"embeddable":true,"href":"https:\/\/bebebadu.mx\/index.php\/wp-json\/wp\/v2\/comments?post=1654"}],"wp:featuredmedia":[{"embeddable":true,"href":"https:\/\/bebebadu.mx\/index.php\/wp-json\/wp\/v2\/media\/1634"}],"wp:attachment":[{"href":"https:\/\/bebebadu.mx\/index.php\/wp-json\/wp\/v2\/media?parent=1654"}],"curies":[{"name":"wp","href":"https:\/\/api.w.org\/{rel}","templated":true}]}}