{"id":1606,"date":"2020-12-30T22:32:35","date_gmt":"2020-12-30T22:32:35","guid":{"rendered":"https:\/\/bebebadu.mx\/?post_type=product&#038;p=1606"},"modified":"2020-12-31T00:12:14","modified_gmt":"2020-12-31T00:12:14","slug":"bata-panilla","status":"publish","type":"product","link":"https:\/\/bebebadu.mx\/index.php\/producto\/bata-panilla\/","title":{"rendered":"Bata Panilla"},"content":{"rendered":"","protected":false},"excerpt":{"rendered":"<ul>\n<li>Bata de panilla con torera de acril\u00e1n tejida<\/li>\n<li>Composici\u00f3n: 50% algod\u00f3n 50% poli\u00e9ster<\/li>\n<li>Talla a elegir: 1 &#8211; 2 &#8211; 3<\/li>\n<li>Colores a elegir: Azul Marino, Rojo, Fiusha, Caf\u00e9, Beige.<\/li>\n<\/ul>\n","protected":false},"featured_media":1608,"comment_status":"open","ping_status":"closed","template":"","meta":{"spay_email":""},"_links":{"self":[{"href":"https:\/\/bebebadu.mx\/index.php\/wp-json\/wp\/v2\/product\/1606"}],"collection":[{"href":"https:\/\/bebebadu.mx\/index.php\/wp-json\/wp\/v2\/product"}],"about":[{"href":"https:\/\/bebebadu.mx\/index.php\/wp-json\/wp\/v2\/types\/product"}],"replies":[{"embeddable":true,"href":"https:\/\/bebebadu.mx\/index.php\/wp-json\/wp\/v2\/comments?post=1606"}],"wp:featuredmedia":[{"embeddable":true,"href":"https:\/\/bebebadu.mx\/index.php\/wp-json\/wp\/v2\/media\/1608"}],"wp:attachment":[{"href":"https:\/\/bebebadu.mx\/index.php\/wp-json\/wp\/v2\/media?parent=1606"}],"curies":[{"name":"wp","href":"https:\/\/api.w.org\/{rel}","templated":true}]}}