{"id":1097,"date":"2020-09-13T18:38:37","date_gmt":"2020-09-13T18:38:37","guid":{"rendered":"https:\/\/bebebadu.mx\/?post_type=product&#038;p=1097"},"modified":"2020-12-27T01:37:29","modified_gmt":"2020-12-27T01:37:29","slug":"panalero-manga-corta","status":"publish","type":"product","link":"https:\/\/bebebadu.mx\/index.php\/producto\/panalero-manga-corta\/","title":{"rendered":"Pa\u00f1alero Manga Corta"},"content":{"rendered":"<p>Talla 0 reci\u00e9n nacido, medidas:<\/p>\n<ul>\n<li>Largo 30 cm<\/li>\n<li>Pecho 17 cm<\/li>\n<li>Hombros 19 cm<\/li>\n<li>Manga 7 cm<\/li>\n<\/ul>\n<p>Talla 1 mes, medidas:<\/p>\n<ul>\n<li>Largo 35 cm<\/li>\n<li>Pecho 20 cm<\/li>\n<li>Hombros 23 cm<\/li>\n<li>Manga 8 cm<\/li>\n<\/ul>\n<p>Talla 2 meses, medidas:<\/p>\n<ul>\n<li>Largo 37 cm<\/li>\n<li>Pecho 21 cm<\/li>\n<li>Hombros 24 cm<\/li>\n<li>Manga 9 cm<\/li>\n<\/ul>\n<p>Talla 3 meses, medidas:<\/p>\n<ul>\n<li>Largo 39 cm<\/li>\n<li>Pecho 22 cm<\/li>\n<li>Hombros 25 cm<\/li>\n<li>Manga 10 cm<\/li>\n<\/ul>\n<p>Talla 4 meses, medidas:<\/p>\n<ul>\n<li>Largo 40 cm<\/li>\n<li>Pecho 23 cm<\/li>\n<li>Hombros 26 cm<\/li>\n<li>Manga 11 cm<\/li>\n<\/ul>\n<p>&nbsp;<\/p>\n<p>&nbsp;<\/p>\n<p>&nbsp;<\/p>\n","protected":false},"excerpt":{"rendered":"<p>Composici\u00f3n: 60% Algod\u00f3n 40% Poli\u00e9ster.<\/p>\n<p>Color a elegir: Blanco, Azul, Rosa, Amarillo, Verde Agua, Beige, Verde Lim\u00f3n.<\/p>\n<p>&nbsp;<\/p>\n","protected":false},"featured_media":1136,"comment_status":"open","ping_status":"closed","template":"","meta":{"spay_email":""},"_links":{"self":[{"href":"https:\/\/bebebadu.mx\/index.php\/wp-json\/wp\/v2\/product\/1097"}],"collection":[{"href":"https:\/\/bebebadu.mx\/index.php\/wp-json\/wp\/v2\/product"}],"about":[{"href":"https:\/\/bebebadu.mx\/index.php\/wp-json\/wp\/v2\/types\/product"}],"replies":[{"embeddable":true,"href":"https:\/\/bebebadu.mx\/index.php\/wp-json\/wp\/v2\/comments?post=1097"}],"wp:featuredmedia":[{"embeddable":true,"href":"https:\/\/bebebadu.mx\/index.php\/wp-json\/wp\/v2\/media\/1136"}],"wp:attachment":[{"href":"https:\/\/bebebadu.mx\/index.php\/wp-json\/wp\/v2\/media?parent=1097"}],"curies":[{"name":"wp","href":"https:\/\/api.w.org\/{rel}","templated":true}]}}